{"id":162,"date":"2013-11-20T20:53:30","date_gmt":"2013-11-20T18:53:30","guid":{"rendered":"http:\/\/www.gedankenflug.eu\/wordpress\/?page_id=162"},"modified":"2021-12-08T12:02:27","modified_gmt":"2021-12-08T10:02:27","slug":"lyrik-2","status":"publish","type":"page","link":"https:\/\/www.gedankenflug.eu\/wordpress\/lyrik\/lyrik-2\/","title":{"rendered":"Sonntag ohne mich"},"content":{"rendered":"<p>der Sonntag ist ein guter Tag<br \/>\nzum-Pl\u00e4ne-schmieden<br \/>\nf\u00fcr alles Unerledigte<br \/>\nAufgeschobene<br \/>\nnie Vollzogene<\/p>\n<p>doch zuallererst einmal:<br \/>\nlange, lange, lange Zeit<br \/>\nzum Fr\u00fchst\u00fccken (auch im Bett)<br \/>\nvon diesem aus dann sanft<br \/>\nhin\u00fcber gleiten ins<br \/>\nNachsinnen \u00fcber Dies und Das<\/p>\n<p>am Abend Beschwerde<br \/>\nvom Sonntag selbst<br \/>\nWo ich denn abgeblieben sei?<\/p>\n<p>2003<\/p>\n<p>&nbsp;<\/p>\n<p><a title=\"Typografisches\" href=\"https:\/\/www.gedankenflug.eu\/wordpress\/?page_id=242\" target=\"_blank\" rel=\"noopener\"><img loading=\"lazy\" decoding=\"async\" class=\"alignleft wp-image-2372 size-full\" src=\"https:\/\/www.gedankenflug.eu\/wordpress\/wp-content\/uploads\/Loudspeaker-e1426355353502.jpg\" alt=\"Loudspeaker\" width=\"40\" height=\"25\"><\/a><br \/>\n<a href=\"https:\/\/www.gedankenflug.eu\/wordpress\/wp-content\/uploads\/Sonntag-ohne-mich-1.mp3\" target=\"_blank\" rel=\"noopener\">Sonntag ohne mich<\/a><\/p>\n<p>&nbsp;<\/p>\n<p><a href=\"https:\/\/www.gedankenflug.eu\/wordpress\/lyrik\/sunday-without-me\/\"><img decoding=\"async\" draggable=\"false\" src=\"https:\/\/www.gedankenflug.eu\/wordpress\/wp-content\/uploads\/schirm-e1422810566745.jpg\" alt=\"\"><\/a><img loading=\"lazy\" decoding=\"async\" src=\"http:\/\/vg05.met.vgwort.de\/na\/5fea333a662d4a85bc3e48f17a86f1a2\" alt=\"\" width=\"1\" height=\"1\"><\/p>\n","protected":false},"excerpt":{"rendered":"<p>der Sonntag ist ein guter Tag zum-Pl\u00e4ne-schmieden f\u00fcr alles Unerledigte Aufgeschobene nie Vollzogene doch zuallererst einmal: lange, lange, lange Zeit zum Fr\u00fchst\u00fccken (auch im Bett) von diesem aus dann sanft hin\u00fcber gleiten ins Nachsinnen \u00fcber Dies und Das am Abend Beschwerde vom Sonntag selbst Wo ich denn abgeblieben sei? 2003 &nbsp; Sonntag ohne mich &nbsp;<\/p>\n","protected":false},"author":397,"featured_media":0,"parent":127,"menu_order":4,"comment_status":"open","ping_status":"open","template":"","meta":{"ngg_post_thumbnail":0,"footnotes":""},"class_list":["post-162","page","type-page","status-publish","hentry"],"_links":{"self":[{"href":"https:\/\/www.gedankenflug.eu\/wordpress\/wp-json\/wp\/v2\/pages\/162","targetHints":{"allow":["GET"]}}],"collection":[{"href":"https:\/\/www.gedankenflug.eu\/wordpress\/wp-json\/wp\/v2\/pages"}],"about":[{"href":"https:\/\/www.gedankenflug.eu\/wordpress\/wp-json\/wp\/v2\/types\/page"}],"author":[{"embeddable":true,"href":"https:\/\/www.gedankenflug.eu\/wordpress\/wp-json\/wp\/v2\/users\/397"}],"replies":[{"embeddable":true,"href":"https:\/\/www.gedankenflug.eu\/wordpress\/wp-json\/wp\/v2\/comments?post=162"}],"version-history":[{"count":40,"href":"https:\/\/www.gedankenflug.eu\/wordpress\/wp-json\/wp\/v2\/pages\/162\/revisions"}],"predecessor-version":[{"id":3483,"href":"https:\/\/www.gedankenflug.eu\/wordpress\/wp-json\/wp\/v2\/pages\/162\/revisions\/3483"}],"up":[{"embeddable":true,"href":"https:\/\/www.gedankenflug.eu\/wordpress\/wp-json\/wp\/v2\/pages\/127"}],"wp:attachment":[{"href":"https:\/\/www.gedankenflug.eu\/wordpress\/wp-json\/wp\/v2\/media?parent=162"}],"curies":[{"name":"wp","href":"https:\/\/api.w.org\/{rel}","templated":true}]}}